t k be u(-13). Let l(o) = k*d(o) + 11*a(o). Give l(-2).
-4
Let s(h) be the second derivative of h**5/20 - 5*h**4/12 - 7*h**3/6 + 2*h**2 + 124*h + 2. Give s(6).
-2
Let l(o) = o**3 - 11*o**2 - 12*o + 4. Suppose -2*u = -u - 12. Let f be l(u). Let x(v) = 2 - 1 + v + v**2 + f*v. Give x(-4).
-3
Suppose 29 = 11*w - 26. Let r(z) = z**2 - 4*z + 4. What is r(w)?
9
Let o(u) = -u**2 + u + 73. Let v be o(9). Let l(i) = 7*i**2 - 2*i + i + 4*i**2. Calculate l(v).
10
Let n(u) be the second derivative of u**3/6 - 3*u**2/2 + 199*u - 2. Give n(6).
3
Suppose -143*i + 303 = -1270. Let x(a) = a**2 - 5*a - 12. Calculate x(i).
54
Let i = 1 - -4. Let a(h) = 3*h**2 - 1 - 4*h + 4 + 1 + 2*h**2 - h**3. What is a(i)?
-16
Let q(t) = -t**3 + 2*t**2 + 3*t - 6. Let k(c) = c**2 - 24*c - 294. Let g be k(33). Determine q(g).
-6
Let r(i) = 68*i + i**3 - 126*i + 51*i + 5*i**2. Determine r(-6).
6
Let v(d) be the second derivative of d**4/6 + d**3/6 - 5*d**2/2 + 109*d. Calculate v(0).
-5
Let g be (5 - 3)*(-1 - (-14)/4). Let p(c) = -4*c + 3. Let v(z) be the third derivative of z**4/24 - z**3/6 - z**2. Let q(m) = -4*p(m) - 18*v(m). Calculate q(g).
-4
Let y(g) = -7*g + 43. Let s(u) = 3*u - 19. Let j(w) = -9*s(w) - 4*y(w). Give j(6).
5
Let s(c) be the third derivative of c**5/20 + 23*c**4/24 - c**3 - c**2 - 4*c. Calculate s(-8).
2
Suppose -4*o + 0*o = -16. Suppose 2*m + m = o*m. Let k(c) = -c**2 - c + 8. Give k(m).
8
Let n(q) = -q**2 - 5*q - 3. Suppose -p - 4*d + 4 = -0*p, -5*p + 3*d = 49. Let r be (-2)/p + 27/(-12). Determine n(r).
3
Let v = 104 - 108. Let q(m) be the first derivative of m**6/360 + 7*m**5/120 + m**4/4 + 2*m**3/3 - 1. Let y(s) be the third derivative of q(s). What is y(v)?
-6
Let r(j) be the third derivative of -j**5/60 + 7*j**4/12 + j**3/3 + 6*j**2 - 6. Calculate r(15).
-13
Let k(r) be the second derivative of -1/12*r**4 + 1/6*r**3 + 0*r**2 + 3/20*r**5 + 16*r + 0. Determine k(2).
22
Suppose 0 = 50*p - 38*p - 36. Let q(n) = n**2 + 4*n - 4. Determine q(p).
17
Let h(b) = -4*b + 1. Let q = -255 - -250. Determine h(q).
21
Let x(t) = -4*t - 2. Let l be (-48)/14 - 51/(-119). What is x(l)?
10
Let j(l) be the third derivative of -l**4/8 - l**3/2 - 150*l**2 + 2*l. Determine j(-3).
6
Let m(f) = 9*f - 2*f - 4*f - 2*f + 46 - 7*f. Give m(7).
4
Let x = -28 + 28. Let j(g) = 12*g + 18*g - 25*g + x*g**2 + 6 - 3*g**2 - g**3. Give j(-4).
2
Suppose -16 = 10*z - 12*z. Let n(p) = -22*p**2 + 4*p + 66*p**2 - z - 37*p**2 + p**3. Let i be (4/8)/(2/(-24)). Calculate n(i).
4
Let y = -1046 + 1046. Let f(m) = m**3 - m**2 - m + 39. Give f(y).
39
Let w be 8 + 4 + (-6)/3 + -5. Let m(r) = 9*r - 51. Determine m(w).
-6
Let w(k) = 2*k**3 + k. Let i = -25 - -36. Let p = i + -12. Determine w(p).
-3
Let r = -31 - -32. Let b(q) = q - 3*q - 17*q**3 - r + 19*q**3. What is b(2)?
11
Suppose -2*y = -70*y + 204. Let i(o) be the first derivative of -o**4/4 + 4*o**3/3 - o**2 - o + 2. Give i(y).
2
Let s be (-497 - -475)*((-6)/(-4))/3. Let k(j) = j**2 + 13*j + 2. Determine k(s).
-20
Let n(x) = -29*x + 58*x - 28*x - 4. Suppose -g - 2*g + 18 = 0. What is n(g)?
2
Let r(c) = 7*c + 10. Let b = 1771 + -1773. Give r(b).
-4
Let f(g) = g**3 - 14*g**2 + 13*g + 17. Let k(q) = -q**3 + 13*q**2 - 12*q - 15. Let h(p) = -6*f(p) - 7*k(p). What is h(7)?
45
Suppose 2*w - 11 = -5*r + 2, 5 = r - 2*w. Suppose 0 = 20*y - 17*y + r. Let f(b) = 12*b**2. Give f(y).
12
Suppose 0 = -5*k + 4*c - 20, k - 8*c + 4 = -5*c. Let u(q) = q**2 + 6*q + 3. Give u(k).
-5
Let i(t) = 13*t - 141 + t**2 + 136 - 3*t**2 - 15*t. Calculate i(-3).
-17
Let h(y) = -3*y - 9. Let l(s) = -7*s - 6. Let o(q) = q + 1. Let d(i) = l(i) + 6*o(i). Let g(p) = -d(p) + h(p). Give g(-7).
5
Let t(w) = 13*w + 8. Let i(f) = -3*f - 1. Let r(y) = 4*i(y) + t(y). Give r(7).
11
Let m(q) = 3*q - 6. Suppose 2*y = -9 + 11. Let p be (-13 - -1)*y/(-3). What is m(p)?
6
Let d(b) be the third derivative of -b**6/720 + b**5/24 + b**4/4 + 3*b**2. Let j(k) be the second derivative of d(k). What is j(5)?
0
Let j(a) = -a - 8. Suppose -15*l - 2*l = 85. Give j(l).
-3
Let h(g) = -18*g**2 + 2*g - 3. Let t(p) = 36*p**2 - 3*p + 5. Let r(l) = -5*h(l) - 3*t(l). Suppose -4 = -15*y + 19*y. What is r(y)?
-17
Let d be (-6)/(-8) + 90/40. Let n(s) = s**2 - 6*s + 1. Let w(r) = r**2 - 7*r + 1. Let u(k) = -6*n(k) + 5*w(k). Give u(d).
-7
Let s(g) = -g + 11. Suppose 4*v - 5*v + 5*a + 21 = 0, -a = -4*v + 27. What is s(v)?
5
Suppose -3*f - 22 = d + 2*f, -2*d = -f - 11. Let z(l) = -4*l - d + 18*l - 10*l. What is z(3)?
9
Let u = 1 + 2. Suppose 0 = -2*l + 3 + 1. Suppose 0 = -l*w - w + u. Let b(r) = -r + 1. Calculate b(w).
0
Suppose 7 - 2 = -p. Let u = 8 + p. Let f(c) = -c + 1. Let g(x) = 3*x - 5. Let z(j) = -8*f(j) - 3*g(j). Determine z(u).
4
Suppose 0*l = -5*l - 10. Let g = -3 - l. Let x(t) = -13*t + 3. Let a(j) = j - 1. Let u(z) = -4*a(z) - x(z). Give u(g).
-8
Let m(l) = l**2 - 5*l + 1. Let p be m(3). Let s = -20 + 23. Let o(x) = 4*x**2 + 3*x + 4. Let r(j) = -11*j**2 - 10*j - 11. Let g(y) = s*r(y) + 8*o(y). Give g(p).
4
Suppose -7*f + 11 = -6*f. Let g(z) = 0*z**3 + 3*z**2 + f*z - z**3 - 1 - 5*z. Give g(5).
-21
Suppose -4 = -4*u + 4. Suppose -5*s - 5 = 5*k, -15 = 5*s + 5*k - u*k. Let g be (-6 - s)*1/1. Let w(c) = c**3 - c + 5. What is w(g)?
5
Let a(p) = 3*p + 1. Let q = 63 + -42. Let f = q - 19. Suppose 0 = -f*j - 7 + 1. Determine a(j).
-8
Let b(j) = 3*j**3 - 2*j**2 - 23*j - 11. Let x(k) = 2*k**3 - 3*k**2 - 19*k - 11. Let n(g) = -3*b(g) + 4*x(g). Give n(-5).
-1
Let y(w) = w + 6. Let m(b) = -5*b**3 - 9*b**2 - 7*b + 5 + 4*b**3 + 12 - 14. Let v be m(-8). Calculate y(v).
1
Let s be (1 - -5)*(-13)/(-6). Let b(x) = 2*x - 20. Determine b(s).
6
Let k(z) = 2*z - 8. Let g = 113 - 121. Let f be ((-46)/g)/1 + (-2)/(-8). Calculate k(f).
4
Let t(y) = 20*y. Let i(v) = 9*v. Let d(a) = -9*i(a) + 4*t(a). Give d(1).
-1
Suppose 3*l + 16 = 5*l. Suppose -s - s = l. Let d(z) = z**2. Let m(o) = 3*o**2 - 4*o + 5. Let r(b) = -4*d(b) + m(b). Determine r(s).
5
Let n(c) be the first derivative of -c**4/4 + 5*c**3/3 - 2*c + 25. What is n(4)?
14
Let l(c) = -c**3 + 7*c**2 - 9*c + 8. Suppose 5*o = 2*p - 26, p + 1 = -5*o + 4*o. Suppose 0 = -p*v + 3 + 15. Give l(v).
-10
Let f(b) = 38*b**2 + 195*b + 15. Let h be f(-5). Let m(x) = -1. Let n(i) = -i**2 - 11*i - 9. Let o(p) = 3*m(p) + n(p). Give o(h).
-2
Let t(l) = l**2 + 4*l - 2. Suppose -35 = -4*q + 3*h, -25 = 2*q - 3*q + 4*h. Suppose z - 53 = -2*z - q*g, -4*z - 4*g = -84. Let w = -31 + z. What is t(w)?
3
Let j be (-10)/(-4)*(-48)/(-30). Suppose 2*r + 5*p = -0*p - 20, 18 = -2*r - j*p. Let k(g) = g**3 + 4*g**2 - 7*g - 3. Determine k(r).
7
Let g(q) = 6 - 7*q + 1 - q**2 - 8 + 4. Let h be (4/(-4))/((-4)/40*-2). Give g(h).
13
Suppose 9*f - 6*f - 9 = 0, -3*f = 5*d - 19. Let b(y) = -1 + 5*y**2 + 0*y**3 + 0*y**2 - y - y**3. What is b(d)?
9
Let y = -21 + 29. Suppose -f + 7 = 5. Let a(r) = -21 + r**3 - 9*r - 10 - 7*r**f + 2*r + 20. Give a(y).
-3
Let j(f) = -f**2 + 15*f + 9. Let s(o) = 13*o - 106. Let v be s(9). What is j(v)?
53
Suppose -4*y = 3 - 11. Let t(f) = -9*f - 2*f + 4 - 4*f**y + 1 + f**3 + 3*f. What is t(5)?
-10
Let i(o) be the third derivative of -o**4/24 + o**3/3 - o**2 + 8. Give i(2).
0
Let m(a) be the second derivative of -a**4/8 - a**3/2 + 7*a**2 + 8*a. Let x(o) be the first derivative of m(o). What is x(-3)?
6
Let z(d) = -d**2 - 8*d + 1. Let x = -6 + -12. Let p be (16/36)/((-4)/x). Suppose 0 = p*u + 5*l + 32, -17 + 63 = -5*u - 4*l. Determine z(u).
13
Let l be 480/225 + 4/(-30). Let a be ((-3)/(-6))/(l/(-4)). Let f(y) = 14*y**2 + y. Calculate f(a).
13
Let o(m) = -2*m + 3. Suppose -13*j = -15*j + 2. Let q(u) = -u - 1. Let t(i) = j*o(i) - q(i). What is t(5)?
-1
Let s(u) be the second derivative of u**3/6 - u**2/2 - 24*u. Let r(q) = q. Let m be r(2). Let b be m - -3 - 0/(-2). What is s(b)?
4
Let w(b) = 4*b**3 + b**2 - 10*b + 5. Let t(l) = -3*l**3 + 9*l - 5. Let h(f) = -3*t(f) - 2*w(f). Let i = -1300 - -1304. Give h(i).
9
Let z(d) = -d**3 + 3*d**2 + 1. Suppose 57 = 4*x + 3*c, 33 = -5*x - 4*c + 104. Let s be x*(-2 - 21/(-9)). Suppose 0 = -5*u + 20 - s. What is z(u)?
1
Let j(r) be the third derivative of r**6/120 + r**5/12 - r**4/12 - 7*r**3/6 - 242*r**2. Determine j(-5).
3
Let c(j) be the second derivative of -5/12*j**4 + 27*j + 0 + 5/2*j**2 - 4/3*j**3 + 1/20*j**5. Give c(6).
-7
Let d(p) = -p**2 - 2*p + 4. Suppos